-47).
5
Let f(c) = -c**2 + 8*c - 9. Give f(8).
-9
Let s(w) = 18*w + 19. Determine s(-8).
-125
Let v(w) = 2*w + 2. What is v(10)?
22
Let c(v) = v - 4. Give c(-5).
-9
Let o(i) = i**2 - 4*i + 9. Calculate o(2).
5
Let u(g) = -g**2 - 8*g + 5. Determine u(-8).
5
Let q(r) = -2*r**2 + 27*r - 38. Calculate q(12).
-2
Let y(v) = -2*v**2 - v - 1. Calculate y(0).
-1
Let r(u) = u**3 - u**2 - 11*u + 5. Determine r(4).
9
Let z(h) = 7*h**2 + 2*h + 7. Determine z(-2).
31
Let s(g) = g**3 - 21*g**2 - 5. What is s(21)?
-5
Let l(s) = s - 1. Determine l(2).
1
Let h(s) = s**3 - 18*s**2 + 18*s. Give h(17).
17
Let y(i) = -i**3 + 24*i**2 - 22*i - 24. What is y(23)?
-1
Let p(n) = n**3 - 16*n**2 + 19*n - 17. Calculate p(15).
43
Let s(k) = -k**3 + 15*k**2 + 6*k + 158. Give s(16).
-2
Let a(z) = z**3 - z**2 - z - 15. Give a(0).
-15
Let w(g) = -g**2 - 5*g - 2. Give w(-5).
-2
Let x(j) = 12*j - 13. What is x(8)?
83
Let v(m) = -42*m**2 - 3*m. What is v(1)?
-45
Let k(t) = t**3 - 5*t**2 - t + 4. Give k(4).
-16
Let h(l) = 9*l - 5. Determine h(4).
31
Let x(f) = -f**2 + 40*f - 275. Calculate x(31).
4
Let q(g) = g**3 - 14*g**2 + g + 20. What is q(14)?
34
Let g(l) = l**2 + 11*l + 5. Determine g(-6).
-25
Let r(g) = -18*g - 1164. Calculate r(-65).
6
Let d(q) = 9*q - 31. What is d(7)?
32
Let w(l) = l - 15. Determine w(16).
1
Let x(w) = w**2 + 3*w - 1. Give x(-4).
3
Let g(c) = -2*c + 5. Give g(1).
3
Let q(y) = -y - 34. What is q(-19)?
-15
Let p(z) = -z + 22. Give p(10).
12
Let r(x) = x - 11. Determine r(-8).
-19
Let k(p) = 12*p - 196. Give k(15).
-16
Let m(p) = 6*p + 117. Give m(-18).
9
Let w(z) = -3*z - 6. Determine w(5).
-21
Let o(k) = -7*k + 14. Determine o(2).
0
Let j(r) = r**3 + 4*r**2 - 10*r + 4. What is j(-6)?
-8
Let d(v) = -6*v**2 - 9*v + 4. Give d(1).
-11
Let s(c) = c**3 - 6*c**2 - 4*c - 6. Give s(7).
15
Let m(v) = -v**2 + 284. Calculate m(17).
-5
Let b(p) = 17*p + 3. Determine b(2).
37
Let u(t) = -t**3 - 16*t**2 + t + 20. Determine u(-16).
4
Let u(r) = -10*r + 5. Give u(3).
-25
Let r(c) = -5*c + 188. Give r(37).
3
Let j(d) = -5*d. Determine j(14).
-70
Let p(a) = 3*a**3 - 2*a**2 + 1. Calculate p(-2).
-31
Let x(t) = -t**3 - 4*t**2 + 4*t + 3. Determine x(-4).
-13
Let x(u) = 21*u + 53. Give x(-3).
-10
Let v(u) = u**3 + 4*u**2 - 2*u - 4. Determine v(-4).
4
Let l(z) = 157*z - 624. Calculate l(4).
4
Let f(m) = -m**2 + 10*m - 12. Calculate f(9).
-3
Let h(q) = 3*q + 15. Calculate h(5).
30
Let y(k) = k**2 + k - 16. Calculate y(0).
-16
Let v(h) = 2*h**2 - 23*h + 34. Give v(10).
4
Let d(x) = -6*x**2 + 9*x + 16. Determine d(-3).
-65
Let r(w) = -22*w + 136. Give r(6).
4
Let l(q) = 12*q**2 + 3*q - 4. Determine l(3).
113
Let v(q) = q**3 + 6*q**2 + 2*q - 11. Calculate v(-5).
4
Let r(o) = o**2 + 6*o - 30. Give r(-14).
82
Let p(w) = -w**2 + 6*w - 10. What is p(4)?
-2
Let n(k) = -k**3 - k**2 - 1. Calculate n(0).
-1
Let m(q) = -2*q**3 + 29*q**2 - 14*q - 1. Calculate m(14).
-1
Let x(u) = 23*u - 5. Give x(1).
18
Let i(l) = -l - 1. Determine i(0).
-1
Let d(x) = x**2 + x - 10. What is d(5)?
20
Let c(l) = -4*l + 9. Give c(11).
-35
Let m(b) = -b + 52. What is m(18)?
34
Let z(c) = -4*c + 4. Give z(-22).
92
Let f(n) = -3*n + 31. Determine f(7).
10
Let u(m) = -3*m + 25. Calculate u(4).
13
Let x(f) = f**2 - 6*f - 15. Determine x(7).
-8
Let m(b) = b**2 + 3*b - 4. What is m(-7)?
24
Let q(k) = -2*k**3 - 24*k**2 + 21*k - 61. What is q(-13)?
4
Let p(c) = c**2 - 25*c + 72. Calculate p(10).
-78
Let x(p) = -p**3 - 18*p**2 + 18*p - 10. Calculate x(-19).
9
Let x(k) = k**2 - 12*k + 10. What is x(11)?
-1
Let o(q) = -2*q**3 + 9*q**2 + 6*q + 7. What is o(5)?
12
Let f(u) = u**2 - 22*u - 26. Determine f(23).
-3
Let t(q) = q**2 - 2*q + 6. Give t(4).
14
Let b(y) = -y**2 - 12*y - 14. What is b(-15)?
-59
Let q(x) = 22*x. Calculate q(-1).
-22
Let a(m) = 2*m**2 + 9*m + 5. Give a(-7).
40
Let b(s) = -s**3 - 2*s**2 - 2*s - 4. What is b(-3)?
11
Let p(c) = 4*c - 71. What is p(22)?
17
Let d(u) = -u**3 + 31*u**2 + 31*u - 41. Determine d(32).
-73
Let u(n) = n**3 - 4*n**2 - 19*n - 4. Calculate u(-3).
-10
Let g(n) = 2*n**2 - 17*n - 85. Calculate g(12).
-1
Let l(b) = b**2 - 4*b. Calculate l(6).
12
Let t(v) = -22*v - 95. Calculate t(-4).
-7
Let i(m) = m**3 + 10*m**2 - 9*m - 10. Calculate i(-11).
-32
Let o(x) = -x**2 + 27*x - 127. Give o(14).
55
Let r(p) = p**3 + 6*p**2 + 2*p - 1. Give r(-4).
23
Let b(v) = 4*v**3 - v**2 - v + 2. Determine b(2).
28
Let h(f) = 3*f - 16. Give h(2).
-10
Let w(x) = -2*x**2 + 14*x + 5. Give w(7).
5
Let o(k) = 4*k + 23. Determine o(-12).
-25
Let q(j) = 2*j**2 + 11*j - 8. Give q(-8).
32
Let l(p) = -p**3 - 12*p**2 + p - 8. What is l(-12)?
-20
Let y(b) = -b**2 - 68*b - 422. Give y(-7).
5
Let u(d) = 5*d + 1. Determine u(-7).
-34
Let h(x) = 12*x**2 - 1. Give h(1).
11
Let z(u) = -u**3 + 11*u**2 + 9*u + 25. Determine z(12).
-11
Let p(c) = -c**3 + c**2 + 15. Calculate p(0).
15
Let p(l) = l**3 + 28*l**2 + 161*l + 25. Calculate p(-20).
5
Let t(l) = -l**3 - 48*l**2 + 3*l + 120. What is t(-48)?
-24
Let p(q) = q**2 - q - 342. Determine p(-18).
0
Let d(j) = -21*j + 46. Determine d(5).
-59
Let j(s) = -4*s + 3. Determine j(4).
-13
Let c(r) = 13*r + 7. Give c(-3).
-32
Let h(q) = q**2 + 4*q - 8. What is h(-10)?
52
Let d(m) = -m**3 - 3*m**2 + m + 3. What is d(-4)?
15
Let l(h) = h**2 + 14*h + 19. Calculate l(-12).
-5
Let k(g) = -g**3 - g**2 - g - 136. Determine k(0).
-136
Let o(h) = 2*h**2 - 3*h + 1. Determine o(2).
3
Let g(n) = -3*n**2 + 73*n - 18. What is g(24)?
6
Let q(v) = 5*v - 2. Give q(-4).
-22
Let i(m) = -7*m + 56. Determine i(5).
21
Let c(g) = -g**3 - 3*g**2 - 2. Calculate c(-3).
-2
Let c(y) = -7*y - 41. Give c(6).
-83
Let j(m) = m**2 - 41. Give j(-7).
8
Let x(y) = y**2 - 6*y - 2. Give x(5).
-7
Let x(l) = l**2 - 4*l - 19. Determine x(7).
2
Let v(y) = -y**2 - 9*y + 9. Give v(-7).
23
Let a(f) = -9*f + 2. Calculate a(1).
-7
Let z(p) = 2*p**2 - 4*p - 2. Give z(-4).
46
Let w(k) = k**2 - 15. Give w(-5).
10
Let j(o) = 2*o**2 - 43*o - 16. What is j(18)?
-142
Let g(b) = b**3 - 13*b**2 - 16*b + 16. Give g(14).
-12
Let c(d) = -d**2 + 5*d + 2. What is c(-3)?
-22
Let c(o) = 11*o + 14. Calculate c(6).
80
Let c(n) = -n**2 - 14*n - 9. Determine c(-14).
-9
Let j(k) = -k**2 - 6*k - 4. Give j(-5).
1
Let m(h) = -2*h**2 - 15*h - 11. Determine m(-8).
-19
Let n(p) = 30*p + 149. Calculate n(-5).
-1
Let o(x) = x**2 + 2*x - 13. Calculate o(0).
-13
Let k(y) = 5*y**2 - 10*y + 11. Give k(6).
131
Let v(s) = s**2 - 3*s + 10. Calculate v(7).
38
Let f(b) = -4*b - 37. Determine f(-6).
-13
Let s(u) = 5*u + 4. Determine s(-3).
-11
Let t(b) = b**2 + 3*b - 7. Determine t(-5).
3
Let j(k) = -k**3 + 13*k**2 + 16*k + 11. What is j(14)?
39
Let n(g) = -g**2 - 5*g + 3. Determine n(-6).
-3
Let n(u) = u**2 - 14*u + 47. What is n(5)?
2
Let w(l) = 2*l**3 + l**2 - 6*l + 6. Give w(-3).
-21
Let b(m) = -4*m**2 + 28*m + 1. Calculate b(1).
25
Let z(g) = -g**2 - 12*g + 18. Give z(-13).
5
Let d(j) = j**2 + 3*j - 53. Give d(6).
1
Let a(d) = 2*d**2 + 5*d + 3. Give a(-3).
6
Let s(m) = -3*m**2 - 9*m - 6. Determine s(-6).
-60
Let j(p) = -p**2 - 10*p - 12. Calculate j(-8).
4
Let d(t) = t**2 + 13*t + 44. Give d(-7).
2
Let k(u) = u**3 + 5*u**2 + 8*u + 2. Calculate k(-3).
-4
Let c(g) = -g**2 - 77*g - 426. Give c(-6).
0
Let r(y) = y**3 + 7*y**2 + 9*y + 3. What is r(-6)?
-15
Let z(n) = -n**3 + 6*n**2 + 9*n - 2. What is z(8)?
-58
Let z(j) = -j + 13. Calculate z(9).
4
Let v(s) = -s**3 - 44*s**2 + 45*s - 7. Determine v(-45).
-7
Let c(r) = -r. Calculate c(-5).
5
Let k(f) = 3*f - 12. Calculate k(6).
6
Let l(j) = -j**3 + 5*j**2 + 7*j + 6. Determine l(6).
12
Let w(g) = 10*g + 74. Calculate w(-8).
-6
Let b(a) = 9*a + 51. What is b(-5)?
6
Let f(a) = 2*a**2 - 20*a + 14. Calculate f(9).
-4
Let c(p) = 4*p**2 - 8*p + 4. Determine c(5).
64
Let t(p) = p**3 - 2*p**2 - 5*p - 3. Determine t(-3).
-33
Let l(i) = -2*i**3 + 6*i**2 - 3*i - 7. Determine l(3).
-16
Let k(b) = -9*b**2 + b + 1. What is k(-2)?
-37
Let n(j) = -j**3 - 17*j**2 - 16*j - 5. Determine n(-16).
-5
Let t(j) = 3*j**2 - 40*j + 53. Give t(12).
5
Let p(n) = n**3 - 6*n**2 - 8. Give p(6).
-8
Let u(h) = -h**2 + 17*h - 51. Give u(4).
1
Let v(c) = -3*c - 63. Calculate v(-20).
-3
Let f(b) = -8*b - 2. Calculate f(-2).
14
Let q(y) = -y**2 - 30*y + 118. Give q(-32).
54
Let d(l) = l**2 + l - 11. Calculate d(-5).
9
Let t(y) = y**3 - 6*y**2 - 92*y + 11. Give t